 divided by 29.
5
Calculate the remainder when ((21/(-2))/(-3))/(3/186) is divided by 74.
69
Let w = 203 - 96. Suppose -q + 89 = 4*t, -4*t + 9*t - 5*q = 105. What is the remainder when w is divided by t?
19
Let k(g) = 2*g + 0 - 43*g**3 - 2 + 8*g**2 + 42*g**3. Let v be k(6). Calculate the remainder when 45 is divided by v/5 - (-6)/(-15).
13
Suppose 0 = j + 4*s - 28, 5*s = 3*j - 8*j + 95. What is the remainder when 66 is divided by j?
2
Calculate the remainder when 39 is divided by (-30 + -5)*(-2 - 21/(-15)).
18
Suppose -3*n = -44 - 97. Calculate the remainder when n is divided by 15.
2
Let f(m) = 2*m**2 + m - 3. Let a be f(6). Let b = a - 45. Calculate the remainder when 119 is divided by b.
29
Suppose -2*u = -4*c + 238, -8*u - 228 = -4*c - 4*u. What is the remainder when 120 is divided by c?
58
Suppose 12 = -3*n - 36. Let v = n - -19. Suppose -j - 42 = -2*k - v*j, -5*j = -2*k + 70. What is the remainder when k is divided by 14?
11
Suppose 0 = -7*f + 12*f - 20, -2*w + 36 = -3*f. Calculate the remainder when 38 is divided by w.
14
Let o(k) = -k**3 + 14*k**2 - 11*k + 16. Suppose p + 46 = 5*p - 5*a, p = -5*a - 1. What is the remainder when o(13) is divided by p?
6
Calculate the remainder when (-2)/(6/(-239))*(0 + 3) is divided by 75.
14
Let c(i) = i**3 + i**2 + i + 1. Let u be c(-1). Suppose u = b - 6 + 2. Calculate the remainder when 10 is divided by b.
2
Let g = 213 + -196. What is the remainder when 74 is divided by g?
6
Let c be (5/(-5) + -1)*1. What is the remainder when -1*(c/(-4))/(2/(-148)) is divided by (3/2)/((-3)/(-28))?
9
Let o be 4 - 216/(-2 + 4). Let l = 127 - o. Suppose -2*a + l = 79. Calculate the remainder when a is divided by 26.
24
Let m(n) = -n**3 - 2*n**2 + 2*n - 6. Let u be (4 - 2) + 1 + -1. Suppose 3*z + 2*k - k + 18 = 0, 5*k + 5 = u*z. What is the remainder when m(z) is divided by 15?
14
Let d = 90 + -90. Suppose -n = -2*b - 6*n, -n = 2. Suppose b*z = -d*z + 125. Calculate the remainder when z is divided by 14.
11
Suppose 114 = 2*r - f - 36, -4*f + 349 = 5*r. Calculate the remainder when r is divided by 19.
16
Let h(r) = 2*r**3 + r**2 + 34. Calculate the remainder when 236 is divided by h(0).
32
Let p = 31 + -27. Suppose -62 = p*d - 6*d. Let l = 0 - -8. Calculate the remainder when d is divided by l.
7
Suppose 11*h = 822 - 19. Calculate the remainder when h is divided by 28.
17
Let b(v) = 2*v + 33. Let r be b(-12). Suppose 8*g - 7*g - r = 0. Let x = 24 - 0. Calculate the remainder when x is divided by g.
6
Suppose 0 = 15*a - 35*a + 120. Calculate the remainder when 87 is divided by a.
3
Let k = -82 + 114. Let x = 59 - k. What is the remainder when x is divided by 6?
3
Let c = -397 - -417. Calculate the remainder when 458 is divided by c.
18
Let c be -10 + 2 + (3 - 1). Let w(f) = f**2 + 2*f - 5. Calculate the remainder when 73 is divided by w(c).
16
Let n = -669 + 744. What is the remainder when n is divided by 70?
5
Suppose -n - 4*n + 25 = 0. Suppose 119 - 19 = n*h. Calculate the remainder when 75 is divided by h.
15
Let r(z) = z**3 - 6*z**2 - 40*z + 31. Calculate the remainder when r(11) is divided by 95.
6
Let f(j) = j**3 + 4*j**2 - 5*j - 3. Let u be f(-4). Let b = 130 - u. What is the remainder when b is divided by 23?
21
Let i = -11 - -92. Calculate the remainder when i is divided by 12.
9
Let j(a) = a**2 + 8*a + 16. What is the remainder when 120 is divided by j(-9)?
20
Let r(v) be the second derivative of 3*v**5/10 - 5*v**4/12 + 2*v**3/3 - 3*v**2 + 15*v. What is the remainder when 115 is divided by r(2)?
25
Suppose 0*r - 1991 = -11*r. What is the remainder when r is divided by 31?
26
Let m = -10 - -24. Suppose 0 = -3*n - 5*d + 58, -5*d - 32 = -4*n + 92. Calculate the remainder when n is divided by m.
12
Let v(d) = -2*d**2 + 17*d + 14. Let j be v(9). Suppose -27 = -b + j. What is the remainder when b is divided by 10?
2
Let w(c) = c**3 - c - 12. Let f be w(0). Let i = 51 + f. Suppose 0 = -5*y - 4*k + 55 + i, 3*k - 10 = -y. Calculate the remainder when y is divided by 6.
4
Suppose -2*a - 11*n + 9*n = -82, 2*a - 84 = -4*n. Calculate the remainder when a is divided by 23.
17
Let g = -1 + -2. Let w(v) = -32*v + 11. Let t(n) = -n**3 - 4*n**2 + n + 2. What is the remainder when w(g) is divided by t(-5)?
19
What is the remainder when 76 is divided by (-12)/3*143/(-44)?
11
Let t(k) = k - 1. Let m be t(4). Let o(n) = 14*n + 6. What is the remainder when o(m) is divided by 17?
14
Let q(b) = b**2 - 40*b - 159. Calculate the remainder when 24 is divided by q(-4).
7
Let c = 18 + -29. Let j = -250 - -291. What is the remainder when j is divided by (-1 - -2)/((-1)/c)?
8
Let a = -993 - -1002. Calculate the remainder when 168 is divided by a.
6
Suppose 0 = 3*q - 3*j - 783, -q + 271 = -4*j + 13. What is the remainder when q is divided by 19?
15
Let z(c) = 12*c**2 - 236*c - 5. What is the remainder when z(21) is divided by 117?
97
Let w = 169 - 81. Let v(q) = -24*q - 258. Calculate the remainder when w is divided by v(-12).
28
Let t = -80 - -123. Suppose -t + 1 = -3*y. Calculate the remainder when 24 is divided by y.
10
What is the remainder when -9 + 13/(13/144) is divided by 63?
9
Let y = 108 + -68. Calculate the remainder when 119 is divided by y.
39
Let m = -23 - -43. Calculate the remainder when 472/(-826) - (-1 - 396/7) is divided by m.
17
Let r(w) = -w**3 - w**2 + 4*w. Calculate the remainder when r(-4) is divided by (39/(-52))/(0 + 1/(-12)).
5
Let c(t) = 15*t - 62. What is the remainder when 144 is divided by c(9)?
71
Suppose 4*u - 124 = 4*b, -b + 173 = 5*u - 0*b. Suppose 336 = 7*t - 840. Calculate the remainder when t is divided by u.
32
Let r = 541 + -533. What is the remainder when 47 is divided by r?
7
Calculate the remainder when 27216/140 - (0 - 6/(-15)) is divided by 39.
38
Let d = 283 + -96. Suppose -5*t + d = k, 3*t - 2*t = k + 41. What is the remainder when t is divided by 22?
16
Suppose -3*b + 5*h = -217, 2*h = 4*b - 0 - 308. Calculate the remainder when b is divided by 14.
9
Let b(n) = -n**3 + 16*n**2 - 7*n + 4. Calculate the remainder when b(15) is divided by 25.
24
Let z = -1322 + 1450. Calculate the remainder when z is divided by 41.
5
Suppose -9*a + 50 = -8*a. Calculate the remainder when 90 is divided by a.
40
Suppose 4*q + 5*b = 998, b = 48*q - 46*q - 506. Calculate the remainder when q is divided by 52.
44
Suppose 8*h = 4*h + 12. Let g be h/7 - (-93)/(-21). Let d(q) = -q**3 - 3*q**2 - q - 4. What is the remainder when d(g) is divided by 6?
4
Suppose 158 = 3*a - 52. Suppose a = 6*h - h. Let m = 13 + 41. Calculate the remainder when m is divided by h.
12
Suppose -8*p - p = 0. Calculate the remainder when 25 - (p + (-1)/(-1)) is divided by 9.
6
Let j = 37 - 24. Suppose 27 = 2*i + i. Let s(r) = -r**2 + 12*r - 4. What is the remainder when s(i) is divided by j?
10
Suppose 2*a = 3*n + 616 - 135, -4*a - 2*n = -954. Calculate the remainder when a is divided by 87.
65
Let d = 62 - 38. Calculate the remainder when 141 is divided by d.
21
Let k = 56 + -33. Suppose -3*z + 12 = 0, 3*g + 2*z = -3*z + 38. Calculate the remainder when k is divided by g.
5
Let g(u) = 2*u**2 + 2*u - 9. Let b be g(-7). Suppose -4*o - 4*r - 168 = 0, -b = 5*o - 5*r + 175. Let i = o + 89. What is the remainder when i is divided by 11?
10
Let y = -18 - -11. Let h = 424 + -398. What is the remainder when h is divided by (-100)/y + 10/(-35)?
12
Let b(s) = -s + 4. Let g be b(2). Suppose -z - g*z = -9. Calculate the remainder when ((-19)/((-19)/8))/1 is divided by z.
2
Suppose 2*m - 3 = -s + 4, -s + m + 22 = 0. Let v = 29 - s. What is the remainder when 32 is divided by v?
8
Suppose -4*l + 32 = 4*t, 3*t + 4*l - 29 = -0. Suppose -52 = -2*x + 4*v, x + 123 = 6*x - t*v. Calculate the remainder when 68 is divided by x.
20
Suppose -22*d + 288 - 68 = 0. Let w(m) = -4*m**3 - 2*m**2 - 3*m - 3. What is the remainder when w(-2) is divided by d?
7
Suppose 4*h + 731 = -3897. Calculate the remainder when 72 is divided by h/(-78) + (-2)/(-12).
12
What is the remainder when 322 is divided by (-33)/(198/(-8)) + (-104)/(-3)?
34
What is the remainder when 247 is divided by 28 - (-4 - -7 - (-3 - -4))?
13
Let a = -153 + 177. Calculate the remainder when 169 is divided by a.
1
Suppose -h = 7*h - 16. Suppose -h*x + 7*x + 20 = 0. Let l(u) = -5*u - 2. What is the remainder 